mon factor of 360 and 169560?
360
Calculate the greatest common factor of 12294 and 54.
18
What is the highest common divisor of 1020 and 1001436?
204
What is the greatest common factor of 3142483 and 86?
43
Calculate the greatest common divisor of 1935 and 6075.
45
What is the highest common factor of 5439 and 20424?
111
Calculate the greatest common divisor of 7014 and 294.
42
Calculate the greatest common divisor of 118 and 238.
2
What is the greatest common factor of 13692 and 1029?
21
What is the greatest common divisor of 639807 and 42?
21
What is the highest common divisor of 116 and 188732?
116
What is the greatest common divisor of 188 and 3713?
47
Calculate the greatest common divisor of 741832 and 2184.
728
Calculate the highest common divisor of 83941 and 1287.
143
Calculate the highest common divisor of 25434 and 99224.
314
What is the greatest common factor of 7018 and 6292?
242
What is the highest common factor of 299 and 484081?
299
What is the greatest common divisor of 45533 and 2?
1
What is the greatest common factor of 25 and 236825?
25
What is the highest common divisor of 159 and 9993?
3
Calculate the highest common divisor of 102295 and 21457.
499
What is the greatest common divisor of 1083 and 7695?
57
What is the greatest common factor of 572743 and 151?
151
Calculate the greatest common divisor of 1132 and 1087852.
1132
Calculate the greatest common factor of 369736 and 7362.
818
Calculate the greatest common divisor of 4753 and 245119.
679
Calculate the highest common factor of 9338 and 2245122.
1334
What is the greatest common factor of 12118 and 52779?
73
Calculate the greatest common factor of 2683857 and 1503.
501
What is the greatest common factor of 3 and 1636?
1
What is the highest common factor of 15 and 568170?
15
What is the greatest common divisor of 36580 and 60770?
590
What is the greatest common factor of 209405 and 735?
35
What is the greatest common factor of 29651 and 597?
199
What is the highest common factor of 242 and 82885?
121
Calculate the greatest common factor of 1023 and 234949.
341
What is the highest common factor of 234 and 5418?
18
Calculate the highest common factor of 2085 and 305105.
695
What is the greatest common divisor of 29274 and 9639?
357
What is the greatest common factor of 96 and 3112?
8
What is the greatest common factor of 29 and 369692?
29
What is the greatest common factor of 945 and 70945?
35
Calculate the highest common divisor of 84663 and 60123.
1227
Calculate the highest common factor of 423033 and 13.
13
What is the greatest common divisor of 79779 and 261?
87
What is the highest common divisor of 1589 and 952?
7
Calculate the highest common divisor of 50410 and 20.
10
Calculate the greatest common divisor of 1201957 and 92.
23
What is the highest common divisor of 4844 and 160?
4
What is the greatest common factor of 414 and 18262?
46
Calculate the greatest common divisor of 91132 and 16.
4
What is the highest common factor of 24 and 696?
24
Calculate the highest common divisor of 674398 and 2694.
898
What is the greatest common factor of 8020 and 560?
20
Calculate the greatest common factor of 60 and 608940.
60
Calculate the highest common factor of 276 and 52.
4
Calculate the highest common factor of 114 and 16473.
57
What is the highest common divisor of 596178 and 198?
198
Calculate the highest common divisor of 46 and 264431.
23
What is the highest common divisor of 1033 and 2362471?
1033
What is the greatest common divisor of 1649 and 440283?
1649
Calculate the highest common divisor of 2730 and 3705.
195
What is the highest common divisor of 339 and 811227?
339
What is the greatest common divisor of 2368 and 962?
74
What is the greatest common divisor of 3825029 and 767?
767
Calculate the greatest common divisor of 252 and 69636.
84
What is the greatest common factor of 788 and 19305212?
788
What is the greatest common divisor of 42 and 3899658?
42
Calculate the highest common divisor of 9981 and 99.
9
Calculate the greatest common divisor of 1428 and 1504398.
714
What is the greatest common divisor of 2205 and 18963?
441
Calculate the highest common factor of 41219 and 235.
47
What is the greatest common divisor of 44675 and 175?
25
What is the highest common divisor of 3796 and 104?
52
What is the highest common factor of 188670 and 912?
114
What is the highest common factor of 1932 and 4971680?
644
Calculate the greatest common factor of 4672793 and 2087.
2087
What is the greatest common divisor of 255 and 234005?
85
Calculate the highest common divisor of 10341 and 540.
27
What is the highest common factor of 8931 and 2717?
13
Calculate the greatest common divisor of 2709 and 126.
63
Calculate the highest common divisor of 49 and 479913.
7
Calculate the highest common factor of 441727 and 572.
143
What is the greatest common factor of 247925 and 235?
235
What is the highest common divisor of 17568 and 2400?
96
What is the highest common factor of 503440 and 8352?
464
What is the greatest common divisor of 265 and 895?
5
What is the greatest common divisor of 30913 and 95?
19
What is the highest common divisor of 35211 and 39567?
363
Calculate the greatest common factor of 5635 and 915.
5
Calculate the highest common factor of 385487 and 3573.
397
Calculate the highest common factor of 2300 and 2075.
25
Calculate the highest common divisor of 144 and 163.
1
What is the greatest common factor of 9 and 1645317?
9
What is the greatest common divisor of 2493 and 162?
9
What is the highest common factor of 744414 and 66?
66
What is the highest common divisor of 1380 and 235428?
276
Calculate the highest common factor of 108297 and 2835.
567
What is the highest common divisor of 432 and 15344?
16
Calculate the highest common divisor of 4471 and 640931.
263
Calculate the greatest common factor of 154 and 2701391.
77
What is the highest common factor of 69427 and 9?
1
What is the greatest common factor of 8 and 2510928?
8
Calculate the greatest common divisor of 107 and 4719877.
107
What is the highest common divisor of 444602 and 124?
62
Calculate the greatest common factor of 20654 and 92.
46
Calculate the greatest common factor of 540 and 109380.
60
Calculate the highest common factor of 275 and 3968085.
55
What is the greatest common factor of 750 and 640250?
250
Calculate the highest common divisor of 25290 and 9554.
562
Calculate the greatest common divisor of 452 and 4328.
4
What is the highest common factor of 3945 and 1841?
263
Calculate the highest common divisor of 20 and 2497970.
10
Calculate the greatest common divisor of 171 and 6061.
19
Calculate the greatest common factor of 48 and 4104032.
16
What is the highest common divisor of 18607 and 391?
23
What is the highest common factor of 24273 and 18009?
783
Calculate the highest common factor of 638282 and 136.
34
Calculate the greatest common factor of 5340 and 45465.
15
What is the greatest common divisor of 671 and 3289913?
671
Calculate the highest common factor of 516 and 130892.
172
What is the highest common divisor of 7422 and 132359?
1237
What is the greatest common divisor of 13 and 284609?
13
Calculate the greatest common divisor of 44 and 276210.
22
What is the greatest common divisor of 238196 and 3620?
724
Calculate the greatest common factor of 2 and 28237.
1
What is the greatest common factor of 4888 and 270673?
611
Calculate the greatest common factor of 246795 and 30.
15
What is the greatest common divisor of 42 and 6566?
14
Calculate the highest common factor of 55 and 661529.
11
Calculate the highest common divisor of 25 and 141600.
25
Calculate the highest common divisor of 38252 and 1048.
524
What is the highest common divisor of 7804 and 4?
4
What is the greatest common factor of 2324 and 9628?
332
What is the greatest common divisor of 96 and 534496?
32
What is the highest common divisor of 715 and 27445?
55
Calculate the highest common divisor of 8165 and 6765519.
1633
What is the greatest common divisor of 300 and 325950?
150
What is the greatest common divisor of 1404 and 488943?
351
What is the greatest common factor of 335 and 225?
5
Calculate the greatest common factor of 7029903 and 909.
303
Calculate the highest common factor of 705 and 226211.
47
What is the gr